6978 - 85634. What is the tens digit of g?
0
Suppose 18*o = 20*o + 568. What is the units digit of (7/14)/((-2)/o)?
1
Let f = 347 + -60. Suppose 5*h - f = 498. What is the hundreds digit of h?
1
Let f = 330 - -129. Suppose 0 = 10*x - f - 2081. What is the units digit of x?
4
Suppose -1 = -5*t + 5*g - 31, 3*t + 34 = -5*g. Let w be 6/4 + (-4)/t. Suppose -5*o - 89 = -4*l, w = -o - 3. What is the tens digit of l?
1
Let q(h) = -7 - 2*h + h**3 - 12*h + 21 + 10*h**2. What is the tens digit of q(-11)?
4
Suppose 2*t + 4*b - b = -16, -14 = -3*t + 5*b. Let u(c) = -c**2 + c - 1. Let h(y) = y**2 + 2*y + 8. Let f(v) = t*u(v) - h(v). What is the units digit of f(6)?
6
Let p(m) = 5*m**2 + 6*m + 14. Let w(l) = -11*l**2 - 12*l - 29. Let c(n) = 9*p(n) + 4*w(n). What is the units digit of c(-3)?
1
Let j(q) = q**3 + 6*q**2 - 4*q - 21. Let r be j(-6). Suppose 0 = -4*y + 4*v + 368, 2*y - 433 = -r*y - 4*v. What is the units digit of y?
9
Let v = -27 + 19. Let p = v - -16. Suppose 0 = -p*w + 5*w + 57. What is the tens digit of w?
1
Suppose 0 = 4*m + 10*m. Let a(l) = 13*l**3 + 5*l - 71. Let y(j) = 3*j**3 + j - 18. Let n(s) = 2*a(s) - 9*y(s). What is the tens digit of n(m)?
2
Let b = -33 + 36. Suppose 6*p - b*p = 333. What is the hundreds digit of p?
1
Suppose 4*h + 1260 = 3*x, -x + 9*h - 8*h + 420 = 0. What is the tens digit of x?
2
Let p(h) = -h + 12. Let v be p(12). Let k(z) = -2*z**2 + z**2 + v*z**2 - 1 + 2*z + 18*z**3. What is the tens digit of k(1)?
1
Let l = 355 + 3691. What is the thousands digit of l?
4
Suppose -19 = 5*h - 9. Let r(i) = 5*i - 1. Let t be r(-3). Let q = h - t. What is the units digit of q?
4
What is the hundreds digit of (-6)/57 - 1084*92/(-152)?
6
Suppose -2*h + 8 = 3*i, -4*i - 8*h = -4*h - 8. Suppose 4*o = 3*j - 161, i*o + 0*j + 4*j + 140 = 0. Let l = o - -62. What is the tens digit of l?
2
Let o(n) = 17*n**2 + 26*n - 12. What is the hundreds digit of o(-10)?
4
Let f(i) = 2 + i**2 - 3 + 2*i - 6*i**2 + i**2. Let s be f(1). What is the units digit of (12/14)/(s/(-21))?
6
Let a = 56 - -410. What is the hundreds digit of a?
4
Let z = 1016 + -493. What is the units digit of z?
3
What is the hundreds digit of (-6*(-6)/12)/((-6)/(-3704))?
8
What is the tens digit of (4/(40/906))/((-16)/(-80))?
5
Suppose -25 + 9 = -2*j. What is the units digit of j?
8
Suppose x - 172 = -5*c, -c - 1034 = -5*x - 122. Let n = -8 + x. What is the hundreds digit of n?
1
Let j(q) = -11*q - 18. Let t be j(-6). Let b = 10 + t. What is the tens digit of b?
5
Suppose -5 = -p - 0*p. Let s(y) = 8*y - 9*y - 5 - p + 12*y. What is the units digit of s(5)?
5
Let a be 1/(-1)*(-8 + 4). Suppose -t = -a*i + t + 4, -8 = -2*t. Suppose i*r - r = -4*l + 196, -5*l - 2*r + 246 = 0. What is the tens digit of l?
5
What is the hundreds digit of (2 - -6)/(-1) + 2144?
1
Let v be 5 - (-1 + -2 + 3). Let z(b) = -1 - 7*b + v*b**2 + b**2 + 3*b. What is the tens digit of z(3)?
4
Let d(x) = x**3 - 11*x**2 + 13*x - 10. Let k be d(10). Suppose -15 = -a + 6*a, 152 = 5*n - 4*a. Suppose -k = -3*g + n. What is the units digit of g?
6
Suppose 0 = 11*m - 16*m + 2085. What is the hundreds digit of m?
4
Let k be (4*4/24)/((-4)/(-18)). What is the hundreds digit of (21/7)/(k*3/579)?
1
Suppose -171 = -4*d - n + 41, 4*d - 200 = -4*n. Suppose -42 = -4*g + d. What is the units digit of g?
4
Let s(z) = -z**3 - z - 6. Let c be s(0). Let m(p) = 3*p**3 + 2*p - 1. Let h be m(1). What is the units digit of c*((-16)/6)/h?
4
Let s(f) = 1022*f**2 - 72*f - 142. What is the thousands digit of s(-2)?
4
Let s = 367 - 170. Let w = -73 + s. What is the hundreds digit of w?
1
Suppose -14*p + 1350 = -9*p. What is the tens digit of p?
7
Let s be (-2)/(-2) + (2 - 1). Suppose s = 2*t - 4. Suppose -21 = -3*y - t*z, -3*z + 3 + 9 = 0. What is the units digit of y?
3
Suppose 4*k = -i + 2248 - 825, 4*i = 2*k - 734. Suppose 51*v = 48*v + k. What is the tens digit of v?
1
Suppose -9*f - 275 = -4*f. Let c(l) = -l**2 - 8*l + 10. Let j be c(-8). What is the units digit of (-4)/j + (-2607)/f?
7
Suppose -10 = -5*l + 7*l. What is the tens digit of 34*2*(l + 6)?
6
Suppose 0 = -92*f + 94*f + 3*z - 6301, -12 = 4*z. What is the hundreds digit of f?
1
Let y(l) = 2*l + 1. Let u be y(1). Suppose 0*t - 178 = -3*m + 2*t, 303 = 5*m + u*t. What is the units digit of m?
0
What is the units digit of (-4 - -1) + (-84)/8*-6?
0
Let i = -10 - -7. Let a(v) = -39*v + 7. Let d be a(i). Suppose 6*s = -34 + d. What is the tens digit of s?
1
Let i = -31 - -35. Suppose 0 = i*p + p - 890. Suppose -2*h + 112 = 2*s, -3*h - 2*s - p = -6*h. What is the tens digit of h?
5
Let n = -3772 - -5560. What is the tens digit of n?
8
Let m(c) = 2*c**2 + 39*c + 2. Let w(k) = 5*k**3 + 6*k**2 + 2*k. Let j be w(-2). What is the tens digit of m(j)?
2
Let i(x) = 0*x**3 + 0*x**3 + 4*x**2 + 0 + 4*x + x**3 + 6. Let z be i(-3). Suppose 2*j + 3*m = 72, -5*m + 66 + 40 = z*j. What is the units digit of j?
2
Let g = -2891 - -3423. What is the tens digit of g?
3
Let r be 0/((4/(-2))/(-2)). Suppose r = 5*p - 0*p - 10. What is the tens digit of p - (-11 - (-3 - -6))?
1
Let z = -118 - -328. Suppose -3*l + 63 + z = 3*w, 5*w = l + 479. Suppose 3*j - w = 10. What is the tens digit of j?
3
What is the units digit of (-2)/((-3)/(-3285)*-5)?
8
Let j(q) = -q**3 - 3*q**2 + 2*q - 10. Let u(t) be the first derivative of -t**3/3 + 9*t**2/2 + 5*t - 9. Let c be u(10). What is the tens digit of j(c)?
3
Suppose 0 = -2*v + v - 1. Let n be v/1 - 6/(-2). Suppose -5*i + 61 = -i - 3*l, 4*l + 28 = n*i. What is the tens digit of i?
1
Let r = 10 + -16. Let b(m) be the first derivative of -m**3/3 - 9*m**2/2 + 4*m - 25. What is the tens digit of b(r)?
2
Suppose -4*t - 20 = 0, -5*k = -3*t + 4*t - 265. What is the units digit of (-2)/(3/(k/(-4)))?
9
Let i = -7 + 11. Let v = 6 - i. Suppose -5*k = 4*t - 2*t, -4*k - 18 = -v*t. What is the units digit of t?
5
Let y(l) = 4*l + 24. What is the units digit of y(-4)?
8
Let s be 55/25 - 1/5. Let a(l) = 3*l**3 - l**2 - 2*l + 1. What is the tens digit of a(s)?
1
Let a = 2867 - 1838. What is the tens digit of a?
2
Let n = -5 + 5. Suppose 0 = -n*x + 2*x - 4. Suppose y = 2*t + 2, x*y - 2 = 3*t + 4. What is the units digit of y?
6
Let f be (4 + -1)*-1 + 27 + -19. Suppose -2*h + 178 = v, 0 = f*h + 2*v - 141 - 306. What is the units digit of h?
1
Let s(n) = 3*n + 12. Let k be s(-3). Suppose -106 = -r - k*r - 2*h, 2*r + 2*h = 58. What is the units digit of r?
4
Let k(f) = 33*f + 61. What is the tens digit of k(9)?
5
Suppose -11*l = -16*l + 4*z + 6434, 4*l + z - 5143 = 0. What is the thousands digit of l?
1
Let c(p) = -p**3 + 4*p**2 - 3*p + 6. Let o = 40 - 37. What is the units digit of c(o)?
6
Let r be (26 + -25)/(2/(-268)). Let o = -72 - r. What is the units digit of o?
2
Suppose a + 2*a = 3*j - 33, 3*a = -3*j + 33. What is the tens digit of (-2 + 3)*-17*(-1 - j)?
0
Let d(b) = -1 - 3 - 6*b + 4. Let r be d(-1). Suppose 0 = -10*p + r*p + 64. What is the tens digit of p?
1
Let h(g) = -61*g**3 - 3*g**2 - g. Let m be h(-1). Let t = 4 + m. What is the units digit of t?
3
Let y be 5 - (3 - 1)/2. Suppose -r + 163 = 2*r - k, y*r - 215 = -k. Let l = -7 + r. What is the tens digit of l?
4
Let n = -29 - -29. Suppose 5*l - w = -3*w + 493, n = 5*l - w - 481. What is the tens digit of l?
9
Let d = 36 - 35. What is the tens digit of d*(-891)/22*2/(-3)?
2
Let a(f) = -f + 5. Let k be a(4). Let s be 232/(-24) - (-4)/6. What is the tens digit of k*-1 - 108/s?
1
Let x(i) = i**3 + 5*i**2 - i - 2. Let l be x(-5). Suppose -3 = -l*k + 3. What is the units digit of 6*1 + k + 1?
9
Suppose -57*t + 5446 = -50*t. What is the hundreds digit of t?
7
Suppose 0 = -34*z - 1937 + 27199. What is the tens digit of z?
4
Suppose 14*c = 4931 + 16405. What is the hundreds digit of c?
5
Suppose -k = k - 82. Let n = k + 9. What is the tens digit of n?
5
Suppose 2*t - 20 = -2*h, -5*t + 26 = 4*h - 28. Suppose 4*f + 4*v - 48 = 0, 5*v - 53 + t = -2*f. What is the units digit of f?
7
Let h(y) = 1170*y**3 + 2*y**2 - 5*y + 2. What is the units digit of h(1)?
9
Suppose -4*q + r + 2780 = 0, -3*q + 281 + 1791 = -4*r. What is the tens digit of q?
9
Let s(c) = c**3 + 44*c**2 + 4*c + 592. What is the tens digit of s(-42)?
5
Let n(z) = 2*z**3 - 7*z**2 - 2*z - 1. Let p = 12 + -8. Let q be n(p). Suppose -2*o + 119 + q = 0. What is the tens digit of o?
6
S